te -1 + 16 - (-1630 + 1625).
20
Calculate 3 + 9 + (-13 - -5).
4
What is the value of -2 + (3 - (-3 - -6) - (-44 + 37))?
5
Evaluate 14 + -2 + (-5 - 1) + 5 - 1.
10
Calculate -8 - -6 - (-1 + 9 + -3).
-7
Calculate 11 - (20 - 9) - 11.
-11
0 + -4 + -1 + (-5 - -6)
-4
What is 2 - (-5 + -21 + 7 + 4)?
17
What is -48 + 9 + (1 - (11 - 11))?
-38
Calculate -18 - (-23 - -29 - 20).
-4
Evaluate 14 + (-34 - -28) - (-2 + 5 + 0).
5
Evaluate 8 + (4 - 10) - 3 - (-2 + 16).
-15
Calculate (-7 - -34) + -33 - (1 - 0 - 24).
17
What is 20 - (-14 - -25) - (-1 - -26)?
-16
What is (3 - 39) + -50 + 67?
-19
Calculate (-3 - (1 + -1)) + 12 + -59 + 57.
7
Calculate 6 + (-4 - -4) + (-15 - -10) + 7.
8
What is -1 - 11 - ((-13 - -8 - 13) + 27)?
-21
-12 - (-3 - (27 - 28))
-10
Evaluate (-1 - -19) + -105 + -3 + 97.
7
What is the value of -8 + -6 - -11 - 8?
-11
35 + -55 + 15 - (-38 - (0 + -1))
32
What is -5 - (16 + -1 - 34)?
14
Evaluate -7 - (5 + (-7 - -2)) - -9.
2
Calculate -4 - (5 + (-5 - (9 - (1 + -6)))).
10
-25 + (22 - (-6 + -29))
32
Evaluate (-77 - -45) + 20 + (13 - 1).
0
(4 - (-6 - 14)) + -20
4
Calculate 3 + (1 - 17 - (5 - (2 + 6))).
-10
Calculate -2 - (-25 + -3) - (-16 - -4) - 6.
32
What is 8 - (9 + 0 + 0 + -9)?
8
What is the value of -58 - -46 - (1 + 6 + 3)?
-22
-10 + (7 - -11) + 7 - 7
8
What is (10 - -8) + -13 - -8?
13
What is 12 + 15 + -5 + -12?
10
Calculate (1 - (6 + (-10 - -1)) - 26) + -5.
-27
What is the value of (-8 - (-3 + 2)) + -2 + (7 - -35)?
33
-45 + -2 + 236 + -207
-18
What is 22 + (-26 - (36 + -34))?
-6
What is the value of (21 - (-13 - -24)) + -11?
-1
What is 3 + -1 + (-2 - 1) - (-852 + 856)?
-5
Calculate -1 + -4 - (9 + (-28 - 3) + 4).
13
What is the value of 8 - (0 - ((-5 - -3) + 2) - -5)?
3
Calculate 5 - (-16 + 38 + -47).
30
What is 31 - (60 + -30) - (-21 + (-4 - -2))?
24
4 - (7 - ((10 - (-9 - -28)) + 20))
8
Calculate 11 - 1 - (-12 - -6 - -10) - 7.
-1
Calculate (9 - 5) + -10 - 3.
-9
Evaluate 2 - (-10 - -12 - -5) - -7.
2
What is 21 + ((6 - 4) + 0 - -2 - 5)?
20
3 + (-7 + 10 + -4 - 15)
-13
Calculate -1 + 16 - (-14 - (-25 + 9)).
13
Evaluate 2 + 12 - 3 - (-25 - -20).
16
Calculate -5 + 2 - 0 - -9.
6
What is -5 + -3 + (0 + 12 - 5) + 3?
2
What is the value of 14 + (37 + -21 - 19)?
11
Calculate -1 + 8 - 1 - 0 - -4.
10
Calculate (-100 + 90 - (-1 - 0)) + 1.
-8
What is -19 + (2 - -12) + 25?
20
What is 20 + (-8 - 6) + -5?
1
What is the value of 4 + (-9 - -2) + (7 + -34 - -24)?
-6
What is (9 - (-30 - -29) - (8 - 1)) + 15?
18
Evaluate (-20 - -40) + (2 - -11).
33
Calculate -41 + -1 - (-967 - -906).
19
Calculate -8 - 0 - (-13 + 9).
-4
Calculate 18 - (24 - (23 + -43)).
-26
What is the value of (-5 - (2 + -7) - 4) + 8 - 2?
2
What is 0 + (-1 - -4) + 0?
3
-33 + (24 - -8) - -6
5
-28 + 23 - ((1 - -2 - 0) + 3)
-11
(9 - (-2 + 9) - -2) + -6
-2
Evaluate 4 + 6 + -33 + 7.
-16
3 + -6 + 1 + 1 - (1 - 4)
2
What is the value of 7 + -15 + 0 + 10 - -9?
11
-15 + (11 - 0) - (1 - -1)
-6
Calculate -4 - (0 - -4 - (1 + -1) - 21).
13
What is the value of -2 + 20 + -16 - (3 - 5)?
4
What is the value of 163 + -162 + (0 - -1) - (14 + 0)?
-12
Calculate -90 + 82 - (-42 + 2 - (-7 - -7)).
32
(-3 - 1) + (72 - 67) + -5
-4
What is the value of -27 - (18 + 31 + -41 - (0 + 7))?
-28
What is the value of -8 - (6 - ((4 - -7) + -6))?
-9
Calculate 6 - -1 - (24 + (-1 - 15)).
-1
Calculate (2 - (3 + -10 + 5 + 2)) + 6.
8
What is -18 + 2 - (-21 - -14)?
-9
Calculate 38 - (-15 + 6 + -1 + 10 - -10).
28
Calculate -16 + 4 + 12 + 25 - (13 + -2).
14
(-4 - -6) + (-10 - -24) + -21 + -3
-8
What is the value of -14 + (-17 - -15) + 29?
13
What is -8 + (-3 - (-4 + (2 - 6))) + 15?
12
Evaluate 102 + -120 - (-13 - 0).
-5
Evaluate 4 - (-28 + 26 + -7).
13
What is the value of -181 - -173 - (-17 + 2)?
7
Evaluate (17 - 9 - -16) + 9 + -19.
14
What is -2 - (-21 + -6 + 15)?
10
What is 3 + 15 + (-6 - -12 - -3)?
27
Calculate -100 + 122 - (-5 + 38).
-11
What is 7 - (7 - (-3 - 4))?
-7
3 + -5 + 1 + 1 + -10 + 7
-3
What is the value of (-3 + 11 - -15) + -10?
13
Evaluate -3 + (2 - (7 - (1 - 12)) - -3).
-16
What is -6 + (-8 - (-6 + (-5 - -3)))?
-6
Calculate 26 - (-12 - 0 - (46 - 55)).
29
36 + -32 + (-1 - -3) + 0
6
Calculate (1 - 22) + -18 + 13.
-26
Evaluate (6 + -13 + -1 - (-8 - -1)) + 4.
3
((-18 - -11) + 16 - 20) + 11
0
What is the value of -13 - (1 + 1 + (-49 - -43) + -1)?
-8
-230 - -249 - (0 + -9)
28
(6 - (5 + -2 + -1)) + 8 + -1
11
What is (7 - (6 + -9)) + (1 - (-5 + 8))?
8
What is -4 + 3 + -1 + (-8 - (-8 + 3))?
-5
Calculate -20 + 29 + 6 + -12.
3
Evaluate (-10 - -15) + -10 + 14 + -6.
3
What is the value of -7 - (-15 - (-13 + -11))?
-16
What is (52 - 31) + (-4 + -2 - (1 + 0))?
14
What is the value of -1 + (2 - 1) + 10 + -31?
-21
What is the value of -7 - ((-12 - (1 + -6)) + 2) - 7?
-9
What is the value of -6 + 6 + (-197 - -228)?
31
What is -2 - (-14 - -14) - (8 - -8)?
-18
Calculate 1 - (20 - 36 - -22).
-5
Calculate -6 + (-9 + 7 - 3 - -9 - 6).
-8
(7 - 13) + 141 + -119
16
Evaluate 54 - 16 - (21 + 4).
13
Evaluate -12 - (35 + -34 - (-1 + 5 + 0)).
-9
(-70 - -44) + (2 - -4)
-20
Calculate (-2 + 3 - (1 + -1 + 4)) + 10.
7
Calculate 14 - (-4 + -6 + (-4 - -8) + 10).
10
What is 4 + -4 + -4 - (-5 + 5 + -2)?
-2
What is the value of (-5 - (-21 - -6)) + 5 + -3 + -5?
7
Calculate (-221 - -226) + -18 + 0.
-13
What is the value of -17 + (-9 - ((-32 - -11) + 11))?
-16
-24 + 33 + (28 - 26)
11
Evaluate -11 - (-23 - -9) - 9 - (-2 - 2).
-2
Evaluate 59 + (40 - 87) + 12.
24
Calculate (0 - (1 + 1) - 4) + (-1 - -9).
2
What is 6 + (-9 + 17 - (1 + -4)) - -3?
20
What is the value of 26 + 9 + -30 + -4?
1
What is the value of (3 - -22) + (-4 + 0 - (0 - -2))?
19
Calculate 8 + -12 + -6 + (-43 - -75).
22
0 + (-9 + 10 - -9) + (-3 - -9)
16
1 + (-46 - 1) - (4 + 65 - 79)
-36
What is 2 + (148 - 156) + 2 + -1 + 2?
-3
What is -8 + 9 + 10 + -18 + 2 + -1?
-6
-19 - (12 - 46) - (-1 - -2)
14
What is the value of -5 + -8 + (7 - 9)?
-15
Calculate (25 + -10 - 29) + -6 + 6.
-14
Evaluate -6 + (-11 - 9 - -18).
-8
What is the value of -18 + (43 - (21 + -10))?
14
Evaluate (-57 + 30 - 7) + 34.
0
Evaluate (-2 - (-3 + -7)) + -2 + -1.
5
What is the value of -7 + 4 + -1 + 17?
13
What is the value of 15 + (-6 - (10 - 16)) + -26?
-11
What is -4 + (-8 - (-6 + 10) - -8) + 5?
-3
What is 15 - (5 + (3 - 5))?
12
Calculate 7 + -17 + 3 + (5 - (-6 + -25)).
29
Calculate (1 + -3 - 0) + (33 - 16) + -11.
4
Evaluate 9 - (23 + -1 + -9).
-4
Evaluate 2 + (-9 - -5) + 13.
11
4 - 2 - (-11 - (-21 - -5))
-3
What is the value of -7 + 13 + -10 + 2?
-2
What is -28 + (-15 - -19) - -34?
10
What is -10 + -40 - -54 - (-1 - 2)?
7
Evaluate (1 - 0) + -12 + -13 + 78 + -60.
-6
What is the value of -5 + (6 - (10 - 0)) + 2 - -19?
12
Calculate (-1 - (5 - 9)) + 149 + -149.
3
What is 38 + -26 + (-29 - -3) + -8?
-22
0 - (-21 - (-8 + 5 + 4 + -7))
15
19 + -3 + (0 - 1) - (-61 + 59)
17
Evaluate -6 - -14 - 5 - (-5 + -1 + 0).
9
Calculate -3 + (-4 - -1 - (-11 - -36 - 8)).
-23
12 + -33 - (-15 - -2)
-8
What is -13 + (-21 + 12 - -26)?
4
Calculate -25 + 35 + -27 - -15.
-2
Evaluate -14 + 11 + (0 - 4 - 2) + -7.
-16
(-11 - 8) + 1 - -23
5
What is the value of (-2 - (1 - 2)) + (1 - (20 - 6))?
-14
Calculate (6 - (7 + -5)) + -3 + -4 + 9.
6
Evaluate 7 - (-25 + 29) - (0 + -1).
4
(-763 - -723) + (27 - 2)
-15
What is 4 + (5 - -4 - 35) + 12?
-10
What is the value of 7 - 0 - (-13 - -7)?
13
Calculate 6 + (7 - 1 - 18) + 8 - -23.
25
Calculate -5 - -2 - -23 - (7 + -1) - 2.
12
Calculate -6 + -8 - (20 + -17 + -6).
-11
Evaluate 0 + -3 - (-9 - 5) - (-30 - -40).
1
What is -2 + (3 - 3) - (-34 + 29)?
3
Evaluate 2 - 1 - (32 + -36 - (-8 - -3)).
0
Calculate -54 + 55 - (1 - (13 + -1)).
12
What is the value of -41 + (24 - 36) + 34?
-19
What is -11 + -1 - (6 + -13 + -18 + 22)?
-9
Calculate 3 - 0 - ((7 - 2) + -6) - 9.
-5
What is the value of (-23 - -1) + 67 + -77 + 20?
-12
(14 + -24 - -12) + -19
-17
Evaluate 2 - (-14 + 2 + 23).
-9
What is ((6 - -2) + -51 + 53 - -3) + -5?
8
(1 - 3) + -6 + 7 - -4
3
What is (14 - -1) + -1 + 9 + 4?
27
What is the value of -11 - (-13 - (5 - (-12 - -8)))?
11
16 + (-33 - (29 + -22))
-24
What is the value of (-1 - 33) + -2 + (-136 - -147)?
-25
What is the value of (-4 + (-6 - 4) - 21) + 8 + 0?
-27
Calculate 20 + 28 + -1 + (-19 - -8).
36
What is the value of (12 + -25 - -4) + 10 + 3?
4
19 + -9 + 4 + -7 + 27
34
Evaluate 4 - (17 - (10 - -19)).
16
-11 + -15 + 67 + -25
16
What